 + 2. What is the highest common factor of 88 and d?
11
Suppose 19*r - 18*r + 24 = 2*y, 4*r - 9 = y. Let t(j) = -j**3 - 4*j**2 + 3*j - 5. Let b be t(-5). Calculate the greatest common divisor of y and b.
5
Let f be 318/15 + ((-21)/5 - -4). What is the greatest common factor of 12 and f?
3
Let i = -10 + 2. Let n be (i/(-12))/(4/204). What is the greatest common factor of 238 and n?
34
Suppose 4*i = 3*t - 2*t + 4, 0 = -4*t - 4*i + 84. What is the greatest common divisor of 12 and t?
4
Suppose 4*c = 229 - 21. Suppose 5*q = -3*d + 8, -q = 3*q - 3*d - 28. Let s be -4 - (2 - q) - -15. Calculate the greatest common divisor of s and c.
13
Suppose -x - 4*x + 265 = 0. Let o = -51 + x. Calculate the highest common divisor of 2 and o.
2
Suppose 0 = -3*h - 3, -2*g + 2*h + 3 = h. Let v be ((-15)/6)/((-15)/24). What is the highest common factor of g and v?
1
Let w be (-2 + (-10)/(-15))/((-4)/6). Let o be -6*w/(-6) - -110. What is the greatest common factor of 16 and o?
16
Suppose 49*h = 53*h - 160. Suppose 3*t - 5*b = h, -2*b + 6 + 10 = 2*t. Calculate the highest common factor of 110 and t.
10
Suppose -25*k + 21*k = -8. Suppose k*m + 210 = 4*m. Calculate the highest common factor of m and 42.
21
Suppose m - 15 = w + 5*m, 6 = -5*w + 3*m. Let v be w - (-3 + 6 - 0). Let c(n) = -2*n - 3. Let g be c(v). What is the greatest common divisor of g and 63?
9
Let w = 1640 + -1558. What is the highest common divisor of w and 2378?
82
Let z(f) = -1 - 4*f + 2 + f - 3. Let d be z(-2). Let s be (d - 4 - -7) + -1. Calculate the highest common divisor of 3 and s.
3
Let l = -3 + 3. Suppose r + 2*r + 4*s = 32, -4*r + 4*s - 4 = l. Let x be 6/r*(115 - 1). Calculate the highest common factor of x and 19.
19
Let s be (378/72)/(6/80). What is the greatest common factor of s and 250?
10
Let z(b) = 78*b**2 - 2*b - 2. Let o be z(-1). Suppose -18 = 4*i - o. What is the highest common divisor of 30 and i?
15
Let r(z) = z**3 - 24*z**2 - 14*z - 99. Let j be r(25). What is the highest common factor of 11 and j?
11
Let y = 39 - 26. Let j be 184/y + 2/(-13). Suppose -n = v - j, 2*v = -v + n + 30. Calculate the greatest common divisor of v and 121.
11
Let p(t) = t**3 - t**2 + t + 5. Let r be p(0). Let n be (8 - r)/((-3)/(-239)). Suppose -3*q - 41 = -n. Calculate the greatest common divisor of q and 22.
22
Let r(m) = 10*m - 17. Let g be r(8). Suppose i + 3*i = 2*y - 36, 2*y + 3*i - 36 = 0. What is the greatest common divisor of g and y?
9
Let i = -1669 - -1673. What is the highest common divisor of 68 and i?
4
Suppose -3*c = -j - 18, -4 = c + 6*j - 3*j. Calculate the highest common divisor of c and 8.
1
Let a = 27 + 105. Calculate the greatest common divisor of a and 216.
12
Let f(v) = 2*v**2 + 8*v - 24. Let n be f(-17). What is the greatest common factor of 44 and n?
22
Suppose 2*t + 5*z + 3 = 10, -22 = -2*t - 2*z. Suppose 26*u = t*u + 840. Calculate the greatest common divisor of u and 12.
12
Suppose z - 4 - 3 = 0. Suppose 0 = -r - z + 22. Let l = -75 - -150. Calculate the greatest common factor of l and r.
15
Let t = -85 - -132. Let z = t + -42. Let p = -17 - -37. What is the highest common divisor of z and p?
5
Suppose -3*d - 14*z = -12*z - 563, 0 = d + 2*z - 189. Let g(y) = y**3 + 6*y**2 + 6*y + 3. Let x be g(-4). Calculate the greatest common divisor of x and d.
11
Let n(r) = -r**2 - 17*r - 63. Let v be n(-7). Let a(l) = 62*l + 1. Let w be a(1). Calculate the highest common factor of w and v.
7
Suppose -8*w - 50 = -13*w. Let i = w + -8. Let z(x) = 10*x - 3. Let o be z(i). Calculate the greatest common divisor of 136 and o.
17
Let f(a) = -a + 7. Let x be f(9). Let n be -12 + 9 + (16/x)/(-1). What is the greatest common divisor of n and 25?
5
Let o be -4*1 + -2 - (-9)/3. Let v be 33 - ((-2 + 4 - -1) + o). What is the greatest common divisor of 33 and v?
33
Let z be (-6825)/(-399) - 4/38. What is the greatest common divisor of 221 and z?
17
Suppose -127 = 5*p + 78. Let u be 3/(-2)*(p + -1). Suppose -4*c - 3*h + 27 = 0, -c + 3*h = 7*h + 3. Calculate the greatest common factor of u and c.
9
Let a(x) = -x**3 - 16*x**2 - 2*x - 29. Let g be a(-16). Suppose g*i - 173 = 16. What is the highest common factor of i and 42?
21
Suppose -6*c = -619 - 89. Let l = c + -97. What is the greatest common factor of l and 42?
21
Let f be (104/(-14) - 2)/(2/(-14)). What is the highest common factor of f and 6?
6
Let s be (-216 - 7)*(-1)/(-1). Let m = s - -423. Suppose -6*r = -7*r + m. Calculate the greatest common factor of r and 25.
25
Let w = 4 - 117. Let t = w + 158. Let d be 15 - (0 + 0 - 0). Calculate the greatest common divisor of t and d.
15
Suppose 0 = 2*d - 2*q - 1212, -7*d + 3*q + 3036 = -2*d. Calculate the highest common factor of 21 and d.
21
Let n(m) = -29*m - 129. Let w be n(-5). What is the greatest common factor of w and 384?
16
Let q be ((4536/60)/(-3))/((-12)/80). Calculate the greatest common factor of 24 and q.
24
Let t = 23 + 148. What is the highest common divisor of 6 and t?
3
Let a(y) = -9*y - 31. Let p be a(-12). What is the greatest common divisor of p and 11?
11
Let o(y) = -10*y + 1 - y**2 - 8 + 0 - 6*y. Let a be o(-15). Calculate the greatest common divisor of 32 and a.
8
Suppose 151 = 18*f - 119. What is the greatest common divisor of 615 and f?
15
Suppose -2*p = -119 + 99. Suppose -4*n - 3*c = -21, 2*c + p = -0*c. Let u be (2/(-4))/(1/(-54)). Calculate the greatest common factor of n and u.
9
Let p = 500 + -339. Suppose -5*q + 3*q = 4*r - 318, q + p = 2*r. What is the greatest common divisor of r and 32?
16
Let n be (-6)/14 - 85/(-35). Let a be (-1)/2 - (-295)/n. Suppose -20 = -3*c + 43. What is the greatest common divisor of c and a?
21
Let c = 26 - 13. Let u(o) = -o**3 + 6 + 31 - o**2 - o + 35 - 20. Let i be u(0). What is the highest common divisor of c and i?
13
Let s(p) = -11*p - 51. Let k be s(-9). What is the highest common divisor of k and 3?
3
Let l = 2690 + -2118. What is the greatest common factor of l and 308?
44
Let j(f) = 28*f. Let m = 14 + -14. Suppose -3*q - 10 = 5*x, m = -4*x + x - 4*q - 17. Let k be j(x). Calculate the highest common factor of k and 14.
14
Let h = 24 + -15. Suppose h*r - 35 = 4*r. Suppose 0 = 3*w + 3*q - 15, -6*w - q + 12 = -4*w. Calculate the highest common divisor of r and w.
7
Let q(u) = u**2 + 5*u + 3. Let g be q(-3). Let c be (-4284)/(-60) + g/(-5). What is the highest common divisor of 18 and c?
18
Suppose 0 = 2*w - 2 + 14. Let n = 6 + -12. Let v be w*(152/n + 0). Calculate the highest common factor of v and 19.
19
Let b = 33 - -17. Calculate the highest common divisor of b and 5.
5
Suppose -18*s - 2 = -19*s. Suppose s*o - 20 + 4 = 0. What is the highest common factor of o and 80?
8
Suppose -d + 88 = 5*g, d - 37 = -g - g. Let m = -225 - -360. Suppose -5*n = -o + 73, -335 = -3*o - 4*n - m. What is the greatest common factor of g and o?
17
Let q(y) = 6*y. Let j be q(16). Let p(f) = 3*f - 3. Let h be p(5). Calculate the highest common factor of h and j.
12
Suppose -5*h + 134 = -4*w, h + 0*h - 46 = -4*w. What is the greatest common divisor of h and 270?
30
Let p = 0 - 0. Suppose -k + p*m = -4*m - 32, m - 43 = -4*k. Suppose 6*b - b = t + k, 4*b = 5*t - 45. Calculate the highest common divisor of t and 26.
13
Suppose -13*a + 1337 = -15. Calculate the highest common factor of a and 78.
26
Suppose -260 + 119 = -40*g + 299. Let y = 29 - -26. What is the greatest common factor of g and y?
11
Suppose 0 = 14*x - 23*x + 9504. What is the greatest common factor of 33 and x?
33
Suppose -24 = -4*q - 0. Let c be (5 - q)*(-12 - (0 - -2)). Calculate the greatest common factor of 35 and c.
7
Suppose 3*a + 75 = 2*b, 4*b = -6*a + 4*a + 142. What is the highest common divisor of 48 and b?
12
Suppose 1913 = 4*b + 1689. Calculate the greatest common factor of b and 322.
14
Let w = 90 + -60. What is the highest common factor of w and 20?
10
Let d be (-66)/(-12) - 1/2. Suppose 0 = -d*t - 3 + 63. Let w = 23 + 73. What is the greatest common divisor of t and w?
12
Let a(q) = -q**3 - 3*q**2 + 9*q + 2. Let m be a(-8). Let t = 81 - m. Let l = 284 + t. What is the highest common factor of l and 23?
23
Let k(t) = 3*t**2 - 15*t - 12. Let v be k(6). What is the greatest common factor of v and 18?
6
Suppose -d - 2*o + 65 = 0, -4*d = 39*o - 38*o - 281. Calculate the highest co